on divisor of 182 and h?
14
Let c be (6/2 + -2)*11. Suppose 1734 = 30*w + 84. What is the greatest common divisor of w and c?
11
Suppose 6*k = 10*k - 44. Let d = k - -11. Calculate the highest common factor of 176 and d.
22
Suppose 2*u = -b + 6*b - 125, 2*b - 4*u - 50 = 0. Let o = -7870 - -7945. What is the highest common divisor of o and b?
25
Let k be 6/(-6)*(-3 + -1). Let s be -18*k/12*5. Let w = s + 42. Calculate the greatest common factor of 108 and w.
12
Suppose -2*h + 704 - 22 = 0. What is the greatest common divisor of h and 31?
31
Let m = 145 - -49. Suppose 106 = 2*d - m. Calculate the greatest common divisor of 50 and d.
50
Let c(b) = -b**3 - 9*b**2 - 9*b + 5. Let f be c(-7). Let l be (-28)/3*(f/12 - -1). What is the highest common divisor of 154 and l?
14
Suppose -8*z - 90 = -5*y - 3*z, 0 = -y - z + 18. Let n = 832 + -820. Calculate the highest common divisor of n and y.
6
Suppose -9 + 1 = -4*t. Suppose t*h - 80 = 8. Calculate the greatest common divisor of 66 and h.
22
Let q = 25 + -20. Suppose 75 = 4*i + i - 5*h, 0 = -q*i - h + 93. What is the greatest common factor of i and 72?
18
Suppose 0*c - 3*c - 5*s + 33 = 0, 5*c - 4*s - 18 = 0. Suppose 6*m - 3*m - c = 0. Let r be (m + (-44)/16)*-20. Calculate the highest common factor of 6 and r.
3
Let u = 65 - -503. Calculate the greatest common divisor of u and 8.
8
Let l = -26 + 29. Suppose 0 = -k + l - 38. Let i = k - -61. What is the greatest common divisor of 26 and i?
26
Suppose -6*i - 3*y = -i - 386, 2*i = 2*y + 148. Calculate the highest common divisor of i and 133.
19
Suppose p - y = 119, 4*p + 4*y = 6*y + 484. Let z = -86 + 168. What is the greatest common factor of z and p?
41
Suppose 0 = 5*b + 20, -b = 12*u - 16*u + 136. Calculate the highest common divisor of 42 and u.
3
Suppose 0 = -4*j + 23 + 41. Suppose 2*n - 2 = j. Suppose x + 5 + 0 = 0, 0 = 4*f + 2*x - 14. What is the greatest common factor of n and f?
3
Let m(k) = -k**3 + 28*k**2 + 2*k - 54. Let l be m(28). Calculate the highest common factor of 28 and l.
2
Let d(v) = -2*v**3 - 9*v**2 + 6*v - 3. Let w be d(-9). Calculate the greatest common divisor of 42 and w.
42
Let u be (10/4)/((-14)/(-28)). Suppose 0*r + 270 = u*r. What is the greatest common factor of r and 6?
6
Suppose 6*h - h = -2*n + 46, -3*h - 4*n + 36 = 0. Let p be h/(-3)*(-18)/4. Calculate the greatest common factor of 8 and p.
4
Suppose -5*n + 623 + 337 = 0. Suppose 0 = 4*p + p - 60. Calculate the greatest common divisor of n and p.
12
Let f(m) = 143*m**2 - m. Let r be f(-1). Suppose -486*d + 499*d - 468 = 0. Calculate the greatest common factor of r and d.
36
Let k(g) = 2*g + 5. Let h be k(-6). Let r(j) = -3*j + 5. Let v be r(h). Let d be (v/(-3))/(8/(-12)). Calculate the highest common factor of d and 52.
13
Let c = -146 - -242. Calculate the highest common factor of 32 and c.
32
Let m(z) = -z**3 + 42*z**2 + 236*z + 19. Let n be m(47). What is the highest common factor of n and 110?
22
Let b be -1 + (-3 - -2) - -10. Let k = -1754 + 1758. Calculate the highest common factor of k and b.
4
Let u = -3023 + 3047. Let p = -15 + 147. What is the highest common divisor of u and p?
12
Let h = 65 - 60. Let u(m) = 2*m**3 - 4*m**2 - m + 5. Let v be u(h). Calculate the greatest common divisor of 60 and v.
30
Suppose -x - 2*x + n + 21 = 0, -3*x = 5*n - 21. Let j(r) = -2*r - 2*r**3 - x - 8 - 3*r**2 + 12. Let q be j(-2). Calculate the highest common factor of 25 and q.
5
Suppose 4*q - 5*c - 69 = 0, 0 = -4*q + 2*c + 44 + 34. What is the greatest common factor of 336 and q?
21
Let q(c) = c**3 + c**2 - 3*c - 1. Let s be 1/3 + (-14)/6. Let p be q(s). Let k(d) = d - 4. Let g be k(6). Calculate the highest common divisor of p and g.
1
Let z = -130 - -134. Suppose -20 + 68 = n - z*f, -4*n - 2*f + 102 = 0. Calculate the highest common factor of 21 and n.
7
Suppose 13*y - 1732 = -250. What is the highest common divisor of y and 38?
38
Suppose -4*a = 7*u - 8*u - 2443, 3*a - 1837 = -4*u. Calculate the greatest common factor of a and 47.
47
Let j be (0 + -1 + -3)*(-19)/76. Calculate the greatest common divisor of j and 115.
1
Suppose 0 = 3*c + w - 2773, -c + 5*w - 8*w + 927 = 0. What is the greatest common divisor of 6 and c?
6
Let c be (-6256)/(-120) + 2/(-15). Let l = 44 - 31. What is the greatest common divisor of c and l?
13
Let u be (-27)/6*(-8)/6. Suppose -2*w - 1518 = -13*w. Calculate the highest common factor of w and u.
6
Let l = -76 - -110. What is the greatest common factor of l and 170?
34
Let j be 462/54 + (-64)/(-144). Calculate the highest common divisor of j and 2151.
9
Let d = -713 + 803. Calculate the greatest common divisor of 36 and d.
18
Let k = 491 - 477. Calculate the greatest common divisor of k and 7.
7
Let q = 1 + 7. Let y be (-252)/(-16) - (-2)/q. Suppose -2*v - 310 = -4*w, -5*w + 0*v + 415 = 3*v. What is the highest common factor of w and y?
16
Let c = -716 + 776. Let d be (1/2)/((-1)/(-24)). What is the greatest common factor of c and d?
12
Let d be 10*(-2)/2*-1. Suppose 3*z - 4*b - 326 = 0, -212 = -5*z - 4*b + 342. Calculate the greatest common factor of d and z.
10
Let m = 31 + -6. Let k be 3/6*0 + 697. Suppose 3*s = -2*w + s + 356, -4*w = -s - k. What is the greatest common divisor of m and w?
25
Suppose 119 = 5*a - 3*j, 4*j + 41 + 37 = 3*a. What is the highest common factor of a and 99?
11
Let x be ((-110)/(-25) - 5)/(1/(-1025)). Calculate the greatest common factor of 15 and x.
15
Let t(d) = d**2 - 45*d + 181. Let u be t(4). What is the highest common divisor of 2516 and u?
17
Suppose -2*v - 52 = -4*a, -7*v - 42 = -2*a - 2*v. Calculate the greatest common divisor of 297 and a.
11
Let b be (12/(-10))/((-2)/155). Let y(w) = 6*w**2 + 8. Let u be y(3). What is the highest common factor of u and b?
31
Suppose 0 = w, 0 = d + w - 0*w - 402. Calculate the highest common factor of d and 6.
6
Let a = 118 - 41. Let c be ((-5)/15)/(a/39 - 2). Calculate the greatest common factor of 104 and c.
13
Let f(v) = v**3 + 11*v**2 - 7*v + 70. Let c be f(-7). Calculate the greatest common divisor of 15 and c.
15
Let l = -7 - -211. Suppose l + 228 = 4*w. What is the highest common divisor of 18 and w?
18
Let b = 60 + -57. Suppose -4 + 70 = b*u. Calculate the highest common factor of 198 and u.
22
Let v = -76 - -100. What is the greatest common factor of v and 16?
8
Let y = 495 - 359. What is the greatest common divisor of 34 and y?
34
Let d(z) = -z**2 + 3*z + 75. Let m be d(0). What is the highest common divisor of 15 and m?
15
Let k(x) = x**3 - 23*x**2 + 43*x - 18. Let g be k(21). What is the greatest common divisor of g and 48?
3
Suppose -3*l + 153 = 3*v, 202 = 4*l + 20*v - 18*v. Calculate the greatest common divisor of 2 and l.
2
Suppose -38538 = -24*j - 12402. Calculate the highest common divisor of j and 99.
99
Let q(v) = -v**2 - 23*v - 10. Let z be q(-18). Calculate the greatest common factor of 30 and z.
10
Let y = 34 + -16. Suppose g - 6 = -2*g, -5*g = 3*f - 16. Calculate the greatest common divisor of y and f.
2
Let v(p) = -p**3 + 5*p**2 - 3*p - 2. Let h be v(5). Let j be (-2)/(-4)*-4 - h. Suppose -6*c + c = -j. Calculate the greatest common divisor of 9 and c.
3
Let y(b) = 3*b**2 - 2*b - 6. Let j be y(18). Suppose -6*l + j = -450. Calculate the greatest common divisor of l and 23.
23
Let p = 1748 + -1711. Calculate the greatest common divisor of p and 259.
37
Let b = -25 - -28. Let j be b + (-2)/((-8)/12). Calculate the greatest common factor of 6 and j.
6
Suppose -13*j + 16*j - 324 = 0. Suppose -z + 12 = -2*i, -i + 3*i = -4*z + 48. What is the greatest common factor of j and z?
12
Let u(x) = -x**3 - 10*x**2 - 12*x - 14. Let f be u(-8). Let r = f - -56. Calculate the highest common divisor of r and 6.
2
Suppose 3 = -3*l, -2*t + l + 28 = -l. Suppose -k - 2 - 1 = 0. Let p be k/9 + (-2580)/(-18). Calculate the greatest common factor of p and t.
13
Let m = 438 - 273. Let i(k) = 17*k**2 - 4*k + 2. Let t be i(1). What is the greatest common divisor of t and m?
15
Let m(g) be the second derivative of -17*g**3/6 - g**2/2 + 4*g. Let k be m(-1). Calculate the highest common divisor of k and 8.
8
Suppose 0 = 4*x + x. Let i = x - -2. Suppose 61 = 4*z + 29. What is the greatest common factor of i and z?
2
Let u be (-2 - (-4)/3)*-6. Let l be (-2)/(-3 + (-10)/(-4)). What is 